**2 - f + 9. Let g be t(-4). Let r = -38 + g. What is the units digit of r?
7
Suppose 3*d - 4*p = 1956 + 174, -p - 3 = 0. What is the hundreds digit of d?
7
Let g = -61 - -73. Let x(r) = r**3 - 12*r**2 + 10*r - 16. What is the hundreds digit of x(g)?
1
Let c(q) = q**2 - q - 25. Let a be c(-3). Suppose 2*j + j + 27 = 0. What is the tens digit of (j + a)*1/(-2)?
1
Suppose 3*c = 4*d - 16, 3*c + 2*d = 8*c + 8. Suppose 4*r = f - c*f + 4, 0 = 3*r - 9. What is the units digit of f?
8
Let k be (-36)/27*(-9)/(-2). What is the tens digit of 44/k*((-78)/(-4))/(-1)?
4
Let n = 474 + 72. What is the tens digit of n?
4
Suppose 0 = 2*a - 2 - 4. Suppose -5*j - 5*c = -45, j - a*c + 17 = 2*j. Suppose j*x - x = 4*k - 32, 35 = 4*k - 5*x. What is the units digit of k?
5
Let x(y) = y**2 - 2*y + 4. Let q be x(-5). Let f = q - 16. What is the tens digit of f?
2
Suppose 0 = 2*a + 2 - 14. Let o(v) = a*v + v**2 - 3*v + 7*v + 9. What is the units digit of o(-10)?
9
Suppose -28 = -12*w - 2*w. Suppose -2*m - w*s = -0*m - 306, 612 = 4*m - 4*s. What is the units digit of m?
3
Let v(g) be the first derivative of -g**4/12 - 5*g**3/2 - 7*g**2 - 8*g + 11. Let p(l) be the first derivative of v(l). What is the units digit of p(-11)?
0
Suppose -3*o - 5 = -4*o. Let g = 10 - o. Suppose -4*x = -g*r, 2*x - 5 = 5. What is the units digit of r?
4
Suppose -4*b + 9*b = 535. Suppose -3*j = 4*z - 225, -5*z = 5*j + b - 387. What is the units digit of z?
7
Let z be -37 - (8 - 1 - 3). Let v = 58 + z. What is the tens digit of v?
1
What is the units digit of (-607)/(-4) - 29/(-116)?
2
Let w = -166 - -390. Suppose -4*u + w + 100 = 0. What is the units digit of u?
1
Let n(c) = -c**2 + 6*c + 3. Let m be n(5). Let i = m - 4. Suppose 0*l - i = -4*l, -2*j + 4*l + 32 = 0. What is the tens digit of j?
1
Let u(q) be the first derivative of q**3/3 + 27*q**2/2 + 12*q - 9. Let y be u(-19). Let x = -99 - y. What is the units digit of x?
1
Let k(p) be the second derivative of 28*p**3/3 - p**2 - 19*p. What is the hundreds digit of k(2)?
1
Suppose 13 = 5*y - 4*y. Let b = 2 - y. What is the units digit of (-2)/(-11) + (-207)/b?
9
What is the hundreds digit of 0 - (-2)/(-7) - 1216896/(-448)?
7
Let i(u) be the second derivative of -u**5/20 + 11*u**4/12 - 23*u**3/6 - 5*u**2/2 + 37*u. What is the tens digit of i(7)?
3
Suppose 4*h + t - 639 = -0*t, 323 = 2*h - 3*t. Suppose 6*q = 2*q + h. What is the units digit of 12/(-5)*q/(-6)?
6
Let t be (-34)/6 + 4/6. Let b be 3/12 - 210/8. Let v = t - b. What is the tens digit of v?
2
Suppose 0 = 6*p - 11*p + 30. Suppose p*h - 51 = 207. What is the units digit of h?
3
Let t(r) = 2*r**3 - 9*r**2 + 4. Let s be t(6). Let j = 162 - s. What is the units digit of (-1)/(-1 + 48/j)?
5
Suppose 3*v - d - 397 = 3*d, 2*d - 139 = -v. Let m be (-30)/v + 824/(-18). Let y = -26 - m. What is the tens digit of y?
2
Let s be (-90)/14 + 24/56. Let d be 8/s*6/(-4). Suppose -2*j - 111 = -3*a + j, -d*a - 2*j + 82 = 0. What is the units digit of a?
9
What is the units digit of 3 + 6*(-8)/(-6)*1?
1
Let d be (-1)/3 + 1741/3. Suppose 5*q - x - d = -3*x, -3*q + 359 = -x. What is the units digit of q?
8
Suppose -3*o + 1 = -8. Suppose -o*z + 36 = z. Let s = -8 + z. What is the units digit of s?
1
Suppose -6*h - h = -3*v - 6385, 5*h - 4545 = -v. What is the tens digit of h?
1
Let o(r) = 7*r**2 - 47*r + 51. What is the tens digit of o(19)?
8
Let v(k) = -11*k**3 + 6*k**2 + k - 4. Let c be v(-4). Suppose -3*b - c = -5*b. Suppose -4*j - 2*j = -b. What is the units digit of j?
6
Let b(l) = -4*l**3 - 8*l**2 + 7*l - 7. Let z(m) = 7*m**3 + 15*m**2 - 14*m + 14. Let g(f) = 5*b(f) + 3*z(f). Let s = -50 + 44. What is the tens digit of g(s)?
1
Suppose -d = 5*o - 2538, -3*o + 0*o = -d - 1526. What is the tens digit of o?
0
Let q = -38 - -85. Let z be q/(-5) - 12/(-30). Let v = z - -23. What is the tens digit of v?
1
Let s(d) = -6*d**3 - d**2 - 4*d - 14. Let u(z) = -5*z**3 - 3*z - 13. Let m(v) = 6*s(v) - 7*u(v). What is the units digit of m(-6)?
5
Suppose 2*b - 234 = -4*g, 4*b - 2*g = -0*g + 468. What is the hundreds digit of b?
1
Let m(x) = 25*x + 1. Let h be -1*4/((-8)/(-14)). Let g(o) = 76*o + 3. Let p(r) = h*m(r) + 2*g(r). What is the units digit of p(-1)?
2
Suppose 2*j - 1696 = -4*p + 7*p, j + p - 843 = 0. What is the hundreds digit of j?
8
Suppose 19*y = 965 + 20106. What is the hundreds digit of y?
1
Suppose 3651 = 3*o - 2*i - 12045, 4*o = 4*i + 20924. What is the hundreds digit of o?
2
Let q be 318/7 + 16/28. Let o = q - 3. What is the tens digit of o?
4
Let d(w) = -10*w + 12. Let u be d(0). Let v = -6 - -3. Let m = v + u. What is the units digit of m?
9
Let b be (2/(-2))/(2/(-6)). Suppose b*n - 2*n + 2*y = 12, 0 = 4*y + 12. What is the units digit of n?
8
Let z be 11*(-1 + (-2 - -4)). Let p be 0 + -2 + (z - 7). Let b = 12 - p. What is the tens digit of b?
1
Suppose -780 = -3*f - 3*d, -f + 7*d + 278 = 2*d. Let j(g) = -10*g - 85. Let w be j(-9). What is the tens digit of f/w + 45/(-75)?
5
What is the thousands digit of ((-6)/(-8))/(2/3024)?
1
Let k = -138 + -244. Let l = -234 - k. What is the tens digit of l?
4
Let g(v) = -v + 6. Let s be g(4). Let j(q) = 6*q**2 + 3*q + 1. Let r(y) = -11*y**2 - 6*y - 1. Let i(t) = -5*j(t) - 3*r(t). What is the tens digit of i(s)?
1
Let m(b) = 3*b**3 - 3*b - 1. Let n be m(4). Suppose -9*a = -n - 505. What is the tens digit of a?
7
Suppose -z + 457 = -3*l - 196, -2*z + 5*l = -1301. What is the tens digit of z?
3
Let f be -2 + 52 + 2 + 2. Let j(s) = -3*s**2 - 34*s - 7. Let o be j(-11). Suppose -f + 6 = -o*c. What is the units digit of c?
2
Suppose -h - 4 - 6 = 0. What is the units digit of ((-32)/h)/(4/20)?
6
Let t be 16/(-40) + 247/5. Let m = t - 33. Suppose -28 - m = -4*p. What is the tens digit of p?
1
Let h(s) be the third derivative of s**5/20 - s**4/12 - s**3/6 + 6*s**2. Let u be h(2). What is the units digit of -10 + u + 80/2?
7
Let b(z) = z**2 - z - 4. Let v be b(3). Let p be (v*-3)/(9/6). What is the tens digit of p/(-22) - 328/(-11)?
3
Suppose 370*n - 377*n = -7539. What is the tens digit of n?
7
Let k(f) = 3*f**3 + f**2 - 3*f - 3. Let s be k(2). Let b(a) = a + 8. Let q be b(-4). Suppose s = q*y - 17. What is the units digit of y?
9
Let d(q) = 6*q + 17. Let j be d(-8). Let k = j - -89. What is the tens digit of k?
5
Suppose 931*a + 32016 = 960*a. What is the hundreds digit of a?
1
Let p(k) = 45*k**2 + 2*k + 1 - 11*k**2 + 27*k**2 - 3*k**2. What is the units digit of p(-1)?
7
Let g be (-13 + -2)*(-2)/6. Let u = 5 - 3. Suppose g*k = 12 - u. What is the units digit of k?
2
Let o = -19 - -13. Let z be (0 + 0)*(o - -7). Suppose 4*t = -z*t + 144. What is the units digit of t?
6
Let l(k) be the second derivative of k**3/3 - 3*k**2 - 5*k. Let h be l(4). Suppose -4*z - 46 = -2*f, h*f + 4*z - 2*z = 22. What is the units digit of f?
5
Let p(w) = -w**2 + 17*w + 9. Let h be -2*(-7)/(42/225). Suppose -2*r + h = 3*r. What is the units digit of p(r)?
9
Suppose -u = 233 - 18. Let t = u - -311. What is the tens digit of t?
9
Let k = 10 + -4. Let x = 10 - 7. Suppose x*i + k + 0 = 0, 2*z - 4*i = 44. What is the units digit of z?
8
What is the units digit of -1*(-4 - 3) + 2455/5?
8
Let k be 1 + 1 + -5 - -26. Let x = 79 - k. Suppose 2*m - 6*m = -x. What is the tens digit of m?
1
Let n be (-2)/(1*8/(-12)). Let g = -147 - -6. What is the tens digit of -1 - 2 - g/n?
4
Let o(n) = -4*n - 6. Let l be o(-2). Suppose u + l*m = 119, 0 = -0*u - 2*u + 5*m + 202. What is the tens digit of u?
1
Let t be 0 + (-1)/(-1) + 30. Suppose -z + 27 + t = 0. What is the tens digit of z?
5
Suppose -6*g = 4*d - g - 9979, d - 2476 = 5*g. What is the hundreds digit of d?
4
Let r(o) be the third derivative of -o**6/60 - 7*o**5/60 - o**4/12 - o**3 - 458*o**2 - 2*o. Let u = -15 + 10. What is the units digit of r(u)?
9
Suppose -4*f - 2*i - 3*i + 1492 = 0, -2*f = 2*i - 744. What is the units digit of f?
8
What is the hundreds digit of 864838/928 - 2/(-32)?
9
Let t(a) = -a - 48. Let y be t(0). Let z(f) = -f**3 - 5*f**2 + 4*f + 10. Let p be z(-7). Let s = p + y. What is the tens digit of s?
3
Suppose 11 = -4*y - 109. What is the units digit of ((-2)/10)/((6/y)/1)?
1
Let q = -38 + 118. What is the units digit of q?
0
Let b be (-34 + 45)*(24 + 1). Let u = b + -188. What is the units digit of u?
7
Let c = -21 - -1881. What is the hu